site number?
True
Is 22367 composite?
False
Is 7433 composite?
False
Is 523151 prime?
False
Is 382521 prime?
False
Is 889 a prime number?
False
Is 194569 a composite number?
False
Is 1540277 a composite number?
True
Is 415741 a composite number?
True
Is 73693 a composite number?
False
Is 187 a prime number?
False
Is 10347 composite?
True
Is 2587337 a composite number?
False
Is 7559 a composite number?
False
Is 318169 prime?
False
Is 3300169 prime?
True
Is 28691 prime?
False
Is 120277 composite?
False
Is 10763 a prime number?
False
Is 17246 a prime number?
False
Is 1368485 a prime number?
False
Is 508009 a composite number?
False
Is 136453 a prime number?
True
Is 129581 a composite number?
False
Is 169529 a composite number?
True
Is 292181 a prime number?
True
Is 24559 composite?
True
Is 1195837 a composite number?
False
Is 698695 prime?
False
Is 21047 prime?
False
Is 63799 prime?
True
Is 117797 a composite number?
False
Is 33107 a prime number?
True
Is 121687 a prime number?
True
Is 712051 a prime number?
True
Is 1294 composite?
True
Is 179759 prime?
False
Is 206049 a prime number?
False
Is 135713 a prime number?
False
Is 3613 prime?
True
Is 145991 a prime number?
True
Is 5557 a composite number?
False
Is 23087 composite?
False
Is 9083 composite?
True
Is 3337 composite?
True
Is 23437 prime?
False
Is 7283 a prime number?
True
Is 1151439 prime?
False
Is 25013 composite?
False
Is 10007 a composite number?
False
Is 22583 composite?
True
Is 18227 composite?
True
Is 71017 composite?
True
Is 87359 prime?
True
Is 21377 composite?
False
Is 7219 a prime number?
True
Is 218033 a composite number?
True
Is 1244413 a composite number?
True
Is 397673 prime?
True
Is 10847 prime?
True
Is 123449 prime?
True
Is 1901 composite?
False
Is 256261 composite?
True
Is 1223 prime?
True
Is 43361 a composite number?
True
Is 1058693 a composite number?
False
Is 81509 a composite number?
False
Is 49337 a prime number?
False
Is 254387 a composite number?
True
Is 181813 composite?
False
Is 11311 a prime number?
True
Is 564673 a prime number?
False
Is 12829 a prime number?
True
Is 631 composite?
False
Is 1526402 composite?
True
Is 903029 prime?
True
Is 15761 a prime number?
True
Is 10319 prime?
False
Is 2729491 prime?
True
Is 86683 prime?
False
Is 7359357 composite?
True
Is 48499 a prime number?
False
Is 3181 a composite number?
False
Is 56767 a composite number?
False
Is 67289 a composite number?
False
Is 244735 a composite number?
True
Is 73517 a composite number?
False
Is 171707 prime?
True
Is 49723 composite?
True
Is 135697 prime?
True
Is 93417 prime?
False
Is 57047 composite?
False
Is 17327 composite?
False
Is 13682485 composite?
True
Is 13954 a prime number?
False
Is 6599 composite?
False
Is 167381 a prime number?
True
Is 40453 composite?
True
Is 10007 a composite number?
False
Is 193283 prime?
True
Is 172303 composite?
True
Is 22177 a prime number?
False
Is 38035 prime?
False
Is 7981 a prime number?
False
Is 121469 prime?
True
Is 89261 composite?
False
Is 391421 a composite number?
True
Is 233455 prime?
False
Is 759217 prime?
False
Is 6619 composite?
False
Is 7541 prime?
True
Is 24259 prime?
False
Is 16163203 a composite number?
True
Is 701 a prime number?
True
Is 37463 prime?
True
Is 10301 a prime number?
True
Is 668837 a prime number?
False
Is 9865 prime?
False
Is 3841522 prime?
False
Is 1190227 a composite number?
True
Is 19622 a composite number?
True
Is 303269 a composite number?
True
Is 264229 prime?
False
Is 202885 a composite number?
True
Is 25507 a prime number?
False
Is 36667 a prime number?
False
Is 3214 a prime number?
False
Is 221 a composite number?
True
Is 618287 a prime number?
True
Is 5171 a composite number?
False
Is 907 composite?
False
Is 395849 prime?
True
Is 136909 a prime number?
False
Is 440303 composite?
False
Is 10991 a composite number?
True
Is 29629 composite?
False
Is 28115 a composite number?
True
Is 16801 a prime number?
False
Is 96821 a prime number?
True
Is 11541 a composite number?
True
Is 8707 a composite number?
False
Is 913051 prime?
False
Is 171077 a composite number?
False
Is 1080463 a composite number?
False
Is 3103 a prime number?
False
Is 109807 a composite number?
False
Is 236689 a prime number?
False
Is 622289 prime?
False
Is 85081 a prime number?
True
Is 204413 a prime number?
False
Is 14683 prime?
True
Is 57215 prime?
False
Is 240089 a composite number?
False
Is 38593 composite?
False
Is 415 a prime number?
False
Is 6121 composite?
False
Is 898861 a composite number?
True
Is 70139 composite?
False
Is 398291 composite?
True
Is 1689 composite?
True
Is 4678 a prime number?
False
Is 7169 composite?
True
Is 13963 a composite number?
False
Is 90163 a composite number?
False
Is 409 a prime number?
True
Is 105727 composite?
False
Is 177167 a prime number?
True
Is 14827 prime?
True
Is 45143 prime?
False
Is 2461 a prime number?
False
Is 47491 a prime number?
True
Is 31247 a composite number?
False
Is 1471339 a composite number?
False
Is 284023 a prime number?
True
Is 2449 a composite number?
True
Is 15143 prime?
False
Is 33458 composite?
True
Is 10937 a composite number?
False
Is 249703 a prime number?
True
Is 1814 a composite number?
True
Is 295 prime?
False
Is 236395 composite?
True
Is 5429 a composite number?
True
Is 5483 a prime number?
True
Is 10993 prime?
True
Is 327163 a prime number?
True
Is 862 a composite number?
True
Is 267313 a composite number?
True
Is 262241 a prime number?
False
Is 3761 composite?
False
Is 31883 prime?
True
Is 46861 a prime number?
True
Is 363989 a composite number?
False
Is 37397 prime?
True
Is 188691 a composite number?
True
Is 5731 prime?
False
Is 202799 composite?
False
Is 30395 a prime number?
False
Is 137131 a composite number?
False
Is 47189 a composite number?
False
Is 30553 prime?
True
Is 20897 prime?
True
Is 1717 prime?
False
Is 56617 composite?
True
Is 207379 prime?
False
Is 8341 a prime number?
False
Is 4249 composite?
True
Is 1042 composite?
True
Is 1657 prime?
True
Is 5981 a prime number?
True
Is 48595 a prime number?
False
Is 52141 a composite number?
True
Is 103769 prime?
True
Is 139831 composite?
False
Is 668201 prime?
True
Is 81439 prime?
True
Is 16531 a prime number?
False
Is 78151 prime?
False
Is 13371 prime?
False
Is 3748547 composite?
True
Is 12227 a prime number?
True
Is 177953 composite?
False
Is 10841 a prime number?
False
Is 412955 prime?
False
Is 202021 prime?
True
Is 481 a prime number?
False
Is 930821 a prime number?
False
Is 202507 a composite number?
True
Is 330821 a composite number?
False
Is 5311 a composite number?
True
Is 7153 prime?
False
Is 62161 a prime number?
False
Is 234259 a prime number?
True
Is 16301 composite?
False
Is 249202 a prime number?
False
Is 445337 a composite number?
True
Is 46069 a composite number?
True
Is 74257 composite?
False
Is 72707 a prime number?
True
Is 38029 a prime number?
False
Is 111307 prime?
False
Is 45637 composite?
True
Is 87323 a composite number?
False
Is 2303063 composite?
True
Is 119723 a composite number?
False
Is 9527 composite?
True
Is 3067 prime?
True
Is 15917 a composite number?
True
Is 20903 a composite number?
False
Is 47431 a prime number?
True
Is 23401 prime?
False
Is 4391 composite?
False
Is 3093 a prime number?
False
Is 261509 composite?
False
Is 505243 composite?
True
Is 12437 prime?
True
Is 384247 prime?
True
Is 3847 a prime number?
True
Is 1026049 composite?
True
Is 8173 composite?
True
Is 86585 prime?
False
Is 70989 a composite number?
True
Is 62273 a prime number?
True
Is 30491 a composite number?
False
Is 2069603 a composite number?
False
Is 10495 prime?
False
Is 16033 a composite number?
False
Is 6737 a prime number?
True
Is 1733 composite?
False
Is 750733 a composite number?
True
Is 6353 a composite number?
False
Is 6731 prime?
False
Is 5017 composite?
True
Is 61001 composite?
False
Is 2477 prime?
True
Is 2531 composite?
False
Is 162757 a composite number?
True
Is 409 prime?
True
Is 11903 composite?
False
Is 8765 a prime number?
False
Is 48563 a composite number?
False
Is 365 prime?
False
Is 62066 a composite number?
True
Is 3389 a prime number?
True
Is 523711 a composite number?
True
Is 55373 composite?
False
Is 60373 a prime number?
True
Is 61003 composite?
True
Is 144779 prime?
True
Is 42095 a composi